
-146
Let z(j) = -j**3 - 42*j**2 - 42*j - 60. What is z(-41)?
-19
Let k(r) = r**3 - 2*r**2 + 19*r + 50. Calculate k(-2).
-4
Let c(k) = -18*k - 158. Calculate c(-14).
94
Let a(f) = -8450*f - 33800. Determine a(-4).
0
Let n(q) = 2*q**2 - 61*q + 47. Determine n(31).
78
Let k(j) = -j**2 + 112*j + 1905. Give k(127).
0
Let c(d) = -62*d - 5149. Determine c(-83).
-3
Let o(y) = 3*y**2 - 23*y + 127. Give o(11).
237
Let n(p) = 5*p + 18. Determine n(17).
103
Let a(t) = -t**2 - 358*t + 112. What is a(0)?
112
Let d(v) = v**2 - 2*v - 147. Give d(15).
48
Let j(h) = h**2 - h - 60. Give j(-6).
-18
Let y(b) = 22*b**3 - 1320*b**2 - 2*b + 113. Give y(60).
-7
Let t(b) = -16*b - 1226. Calculate t(-73).
-58
Let s(a) = 3*a**3 - 6*a**2 - 12*a + 28. Determine s(3).
19
Let a(m) = -33*m**2 + 32*m + 33. Determine a(-1).
-32
Let a(b) = -95*b - 1051. What is a(-11)?
-6
Let q(k) = -4*k**2 + 58*k - 8. Determine q(4).
160
Let d(f) = f**2 - 9*f - 57. Calculate d(-6).
33
Let i(b) = -3803*b - 91270. What is i(-24)?
2
Let t(o) = -o**3 - 8*o**2 + o + 15. Calculate t(-7).
-41
Let a(c) = 455*c + 24. Calculate a(0).
24
Let z(y) = y**3 - y**2 - 11*y + 20. Calculate z(8).
380
Let m(z) = -z**3 + 75*z**2 - 58*z - 1133. What is m(74)?
51
Let m(z) = -z**3 - z**2 + 129*z - 46. What is m(-12)?
-10
Let l(a) = -a**3 + 81*a**2 - 449*a - 107. Give l(75).
-32
Let i(d) = d**2 + 103*d + 999. Calculate i(-11).
-13
Let x(d) = -d**2 - 19313*d + 4. Give x(0).
4
Let a(t) = 160*t - 6888. What is a(43)?
-8
Let r(u) = -112*u**3 - u**2 + 20*u + 20. What is r(-1)?
111
Let h(q) = q**3 + 31*q**2 - 102*q + 60. What is h(-34)?
60
Let p(w) = 333*w - 3066. Determine p(9).
-69
Let x(c) = 59*c - 3896. Give x(66).
-2
Let z(q) = -173*q - 5543. What is z(-32)?
-7
Let a(p) = -5087*p - 71226. Determine a(-14).
-8
Let j(x) = x**3 - 49*x**2 + 37*x - 4339. Calculate j(50).
11
Let v(x) = 2*x**2 + 223*x + 4565. Calculate v(-27).
2
Let f(a) = 212*a - 2127. Give f(11).
205
Let d(j) = -16*j**2 - 347*j - 817. Give d(-19).
0
Let z(x) = -80*x - 3160. Determine z(-40).
40
Let d(f) = -2*f**2 - f + 104. Determine d(-7).
13
Let u(l) = -2*l**3 + 67*l**2 - 25*l - 214. Give u(33).
50
Let u(n) = 337*n**2 - 1689*n + 18. What is u(5)?
-2
Let m(z) = 6*z**3 - 10*z**2 - 61*z - 92. Calculate m(-2).
-58
Let y(f) = 32*f**2 - 650*f - 48. Determine y(20).
-248
Let t(u) = -15*u - 720. Calculate t(-37).
-165
Let k(g) = 53*g**3 + 4*g**2 - 46*g - 49. Calculate k(-1).
-52
Let b(u) = -652*u - 3294. What is b(-5)?
-34
Let f(d) = 11*d**3 - 319*d**2 + 15*d + 42. Determine f(29).
477
Let f(g) = -201*g - 717. Calculate f(-5).
288
Let s(b) = b**3 + 14*b**2 - 27*b - 89. Give s(-16).
-169
Let q(u) = 52*u + 1833. Calculate q(-35).
13
Let s(c) = c**2 - 91*c + 587. Give s(84).
-1
Let q(x) = 6*x**2 - 45*x - 21. Calculate q(9).
60
Let h(n) = n**3 - 28*n**2 - 290*n + 27. Calculate h(36).
-45
Let h(v) = -v**2 + 195*v + 1419. Calculate h(-7).
5
Let m(j) = -3832*j - 84302. What is m(-22)?
2
Let f(t) = t + 9. Give f(6).
15
Let m(j) = 10*j**2 + 43*j - 42. Give m(1).
11
Let l(w) = 96*w - 342. Give l(4).
42
Let a(g) = g**2 + 60*g + 120. What is a(-2)?
4
Let x(a) = -a**2 + 3*a + 60. What is x(9)?
6
Let i(s) = -61*s - 56. Determine i(-1).
5
Let i(u) = 2*u**3 + 11*u**2 - 28*u - 53. Calculate i(-7).
-4
Let u(p) = -38*p - 21. Give u(-1).
17
Let k(n) = -n + 147. What is k(28)?
119
Let v(l) = -30*l**2 - 300*l + 2. Give v(-10).
2
Let m(y) = y**3 - 39*y**2 + 215*y + 43. Determine m(7).
-20
Let g(u) = u**3 + 35*u**2 - 33*u + 93. Calculate g(-36).
-15
Let m(g) = -109*g + 195. Determine m(3).
-132
Let q(c) = 174*c + 1247. What is q(-7)?
29
Let s(v) = 6*v**2 - 148*v - 39. Determine s(24).
-135
Let r(x) = 5*x - 160. Calculate r(19).
-65
Let k(r) = 25*r + 1556. What is k(-62)?
6
Let p(k) = -51*k - 28. Determine p(0).
-28
Let t(n) = -2*n**3 + 7*n**2 + 25*n + 20. What is t(8)?
-356
Let p(l) = 23*l**2 + 11*l - 20. Calculate p(2).
94
Let i(k) = 9*k**3 + 74*k**2 + 19*k + 16. Calculate i(-8).
-8
Let x(y) = -11*y**2 + 350*y + 444. Give x(33).
15
Let g(o) = -964*o + 16359. What is g(17)?
-29
Let r(d) = 1094*d + 7647. Determine r(-7).
-11
Let d(v) = 14*v**3 + v**2 - 11*v + 11. Determine d(1).
15
Let c(x) = -7*x**2 - 24*x - 1. Determine c(0).
-1
Let q(l) = l**2 - 12*l - 302. Calculate q(22).
-82
Let h(n) = n**2 + 103*n - 429. What is h(4)?
-1
Let i(u) = -2*u**2 + 16*u + 3537. Give i(46).
41
Let q(k) = -6*k + 461. What is q(60)?
101
Let v(u) = 5*u**2 - 240*u - 37. Give v(48).
-37
Let r(w) = -w**3 - 13*w - 46. What is r(-3)?
20
Let j(m) = -16*m - 317. Give j(-20).
3
Let w(t) = -t**2 - 2216*t + 56021. Calculate w(25).
-4
Let h(d) = 151*d - 5. Calculate h(1).
146
Let c(m) = 491*m + 16204. Give c(-33).
1
Let v(j) = -2*j**2 + 363*j + 196. Give v(182).
14
Let a(m) = -m**2 - m + 2492. What is a(-51)?
-58
Let o(v) = 204*v + 1839. Calculate o(-9).
3
Let m(i) = 5*i**2 + 3*i - 61. What is m(-4)?
7
Let x(o) = o**2 + 6*o + 56. Give x(-14).
168
Let d(x) = -3*x**2 - 26*x - 8. What is d(-9)?
-17
Let s(f) = -706*f + 11313. Calculate s(16).
17
Let k(z) = -z**3 + 2*z**2 - 5*z - 13. Determine k(-2).
13
Let i(u) = -u**3 + 2*u**2 + 18*u + 10. Calculate i(5).
25
Let z(o) = -14*o + 58. Give z(-14).
254
Let a(f) = -411*f + 4922. Determine a(12).
-10
Let u(t) = -t**2 + 81*t - 381. Calculate u(5).
-1
Let q(w) = -w**2 + 31*w - 196. Give q(8).
-12
Let y(g) = -g**2 - 72*g - 1267. Give y(-40).
13
Let z(l) = 9*l**2 + 24*l - 57. Give z(-4).
-9
Let y(h) = -12*h**2 + 712*h - 233. Determine y(59).
3
Let d(q) = -q**3 + 6*q**2 - 16*q + 53. Calculate d(5).
-2
Let r(n) = -18*n + 956. Determine r(54).
-16
Let p(h) = h**3 + 3*h**2 + 11*h + 47. What is p(-4)?
-13
Let d(u) = -u**2 - 26*u - 97. Give d(-5).
8
Let k(d) = 13*d**3 - 60*d**2 - 22*d - 12. Give k(5).
3
Let c(h) = -4*h**2 + 124*h - 101. Calculate c(30).
19
Let a(v) = 1182*v + 3611. What is a(-3)?
65
Let n(w) = -w**3 + 25*w + 23. What is n(-7)?
191
Let x(h) = -h**2 + 43*h + 189. Determine x(47).
1
Let j(m) = 3*m + 329. Determine j(-60).
149
Let a(m) = 117*m + 12171. What is a(-104)?
3
Let o(r) = 11*r + 251. Give o(-40).
-189
Let s(a) = -245*a**2 + 988*a - 11. What is s(4)?
21
Let j(r) = -320*r + 4784. Give j(15).
-16
Let o(n) = -3*n**2 + 90*n + 278. Give o(-3).
-19
Let i(h) = 5336*h + 21326. Give i(-4).
-18
Let h(q) = -389*q + 109706. Calculate h(282).
8
Let j(q) = -2*q**2 - 121*q - 1423. Give j(-16).
1
Let l(h) = 2*h**3 - 24*h**2 - 79*h + 689. Determine l(13).
0
Let u(t) = -t**3 - 44*t**2 + 10*t - 1575. Determine u(-45).
0
Let t(j) = -124*j + 1. Calculate t(0).
1
Let a(h) = 2*h**3 - 11*h**2 + h + 23. Determine a(5).
3
Let j(f) = 2*f**3 - 15*f**2 + 83*f - 531. What is j(7)?
1
Let i(n) = n**3 - 26*n**2 + 117*n - 7. Give i(6).
-25
Let x(q) = 3*q**3 + 9*q**2 - 3*q - 11. What is x(-5)?
-146
Let m(o) = -o**3 + 28*o**2 - 139*o + 165. Determine m(22).
11
Let l(u) = u**2 - 34*u - 1283. Give l(57).
28
Let z(g) = 2*g**2 - 885*g - 21408. What is z(-23)?
5
Let l(s) = 192*s + 29371. Determine l(-153).
-5
Let i(r) = 22*r + 878. Calculate i(-32).
174
Let k(i) = -195*i + 25738. What is k(132)?
-2
Let a(p) = 22*p**2 - 395*p - 23. Determine a(18).
-5
Let g(j) = -88*j**2 + 4*j + 1. Calculate g(2).
-343
Let x(r) = -2*r**3 + 6*r**2 - 22*r + 23. Give x(5).
-187
Let v(n) = -398*n + 3570. Give v(9).
-12
Let t(x) = -3*x**3 - 35*x**2 + 46*x + 103. Determine t(-13).
181
Let j(a) = a**3 + 24*a**2 - 47*a - 2. What is j(2)?
8
Let c(v) = 28*v**3 + 199*v**2 + 20*v - 1. Calculate c(-7).
6
Let d(w) = 31*w + 29. Calculate d(5).
184
Let j(y) = 2*y**3 + 93*y**2 + 135*y - 8. Give j(-45).
-8
Let c(g) = 2*g**3 + 166*g**2 - 349*g - 761. Calculate c(-85).
4
Let i(v) = -12*v + 82. Determine i(11).
-50
Let l(z) = -409*z - 814. What is l(-2)?
4
Let a(q) = 4*q**3 - 60*q**2 - 24*q + 322. Calculate a(15).
-38
Let h(m) = 212*m - 2543. What is h(12)?
1
Let u(t) = -t**3 + 12*t**2 - 10*t + 14. Calculate u(10).
114
Let w(j) = -19*j + 223. Give w(12).
-5
Let t(y) = -13*y**3 - 46*y**2 + 28*y + 14. Calculate t(-4).
-2
Let d(n) = -28*n**2 - 2606*n - 184. Calculate d(-93).
2
Let u(n) = 14*n**2 + 27*n + 3. Determine u(-1).
-10
Let k(l) = 2*l**2 + 9*l - 24. Determine k(-7).
11
Let v(q) = 396*q**2 + 4752*q + 9. Determine v(-12).
9
Let y(x) = -x**3 + 49*x**2 - 502*x - 115. Give y(15).
5
Let q(j) = -j**3 - 30*j**2 + 35*j + 45. What is q(-31)?
-79